 what is -353 + -24?
-377
In base 4, what is -112211 + 1102?
-111103
In base 6, what is -354 + -1022?
-1420
In base 16, what is 279f4 - -2?
279f6
In base 7, what is 24531 - 45?
24453
In base 10, what is 167 + -66?
101
In base 8, what is -16307 + 5?
-16302
In base 5, what is 0 - -34441311?
34441311
In base 8, what is 444410 + 3?
444413
In base 5, what is -24322 + -110?
-24432
In base 10, what is 105910 - 3?
105907
In base 16, what is -4f61 + -16?
-4f77
In base 7, what is -32014 - -11?
-32003
In base 13, what is -42 - -5483?
5441
In base 12, what is -5972 - 198?
-5b4a
In base 2, what is -10001000 - 1011000001011110?
-1011000011100110
In base 4, what is -123333 - 110?
-130103
In base 15, what is 6475 + 6?
647b
In base 13, what is -12 - 4a1aa?
-4a1bc
In base 8, what is -1407 + 2534?
1125
In base 13, what is -a - 17882?
-1788c
In base 4, what is -100123113 + -110?
-100123223
In base 3, what is 100111 - 1102?
22002
In base 4, what is 22012021 + 0?
22012021
In base 13, what is -242 + -99?
-30b
In base 9, what is -2 + 105658?
105656
In base 7, what is -352 + 2426?
2044
In base 8, what is -2513 - -224?
-2267
In base 4, what is 12 + 310131000?
310131012
In base 6, what is -1 + 1534404?
1534403
In base 14, what is -3 - -160d?
160a
In base 15, what is 4e7 + 3e?
536
In base 15, what is 8888b + 1?
8888c
In base 6, what is 213 + -123021?
-122404
In base 8, what is -546753 + 3?
-546750
In base 12, what is -14826b8 + -4?
-1482700
In base 15, what is -c46b7 - -1?
-c46b6
In base 3, what is -12112120 - -101020?
-12011100
In base 6, what is 204 - -103314?
103522
In base 6, what is 2402155 - 2?
2402153
In base 15, what is ba6 - -d1?
c87
In base 13, what is 43 + c95?
1008
In base 8, what is -660 + -547?
-1427
In base 12, what is -106459 + 5?
-106454
In base 10, what is 178 + 1123?
1301
In base 10, what is 5931 + -582?
5349
In base 6, what is 2322225 - 5?
2322220
In base 2, what is -1101 - 1001011000?
-1001100101
In base 6, what is -2201 - -2510?
305
In base 12, what is -2 - 126785?
-126787
In base 10, what is 2 - -24162?
24164
In base 12, what is -204 - 783?
-987
In base 13, what is 13 + -181?
-16b
In base 11, what is -3 - 92027?
-9202a
In base 16, what is 8 - 5b63c?
-5b634
In base 3, what is 10 - -211221100?
211221110
In base 3, what is 12 + 111112122220?
111112200002
In base 10, what is -54 + 56?
2
In base 14, what is 3 + -49d3b?
-49d38
In base 10, what is 24696 - 3?
24693
In base 14, what is -c1089 - 4?
-c108d
In base 3, what is 1 - 1022011212?
-1022011211
In base 9, what is 1 + -13665?
-13664
In base 14, what is 14773 + -7?
1476a
In base 12, what is 3 - -18b3a?
18b41
In base 9, what is 38214 - -16?
38231
In base 2, what is 10110001011010101000 - 10?
10110001011010100110
In base 5, what is 11042 - -424?
12021
In base 8, what is -13 - -24634?
24621
In base 10, what is 7 - 52672?
-52665
In base 14, what is 40cd - -a?
40d9
In base 16, what is 244 - 58?
1ec
In base 10, what is 932 + 25?
957
In base 4, what is 2312 + 1000?
3312
In base 9, what is 2625 - -3214?
5840
In base 10, what is 3 - -471236?
471239
In base 6, what is 2 - 10020410?
-10020404
In base 11, what is 1 - -1100?
1101
In base 2, what is 1 - -11111101110111111111?
11111101111000000000
In base 6, what is -5 - -112334?
112325
In base 4, what is -11 - -332133?
332122
In base 2, what is 1100001001000111 - -10001?
1100001001011000
In base 10, what is -135 + -21020?
-21155
In base 4, what is 3 + -2003120?
-2003111
In base 7, what is 0 - 153650?
-153650
In base 15, what is 8 - -234?
23c
In base 15, what is -41cc - e?
-41db
In base 7, what is 13246 + 0?
13246
In base 14, what is -27712 + 2?
-27710
In base 15, what is -1 + 48b3?
48b2
In base 13, what is -15b4c + -2?
-15b51
In base 5, what is 1201421 - 40?
1201331
In base 11, what is 2725 - -3?
2728
In base 7, what is 131 + -63?
35
In base 11, what is 4 + -51712?
-51709
In base 14, what is 9 - -b62d?
b638
In base 15, what is -3 - 3828b?
-3828e
In base 12, what is 2741 + 85?
2806
In base 10, what is -18 + -1415?
-1433
In base 10, what is -3410 + 20?
-3390
In base 15, what is 16562a - -4?
16562e
In base 7, what is 466124 - 0?
466124
In base 7, what is -64015 + -5?
-64023
In base 9, what is -350 + 63?
-276
In base 13, what is -3 + 27b6?
27b3
In base 4, what is 100310111 - -1?
100310112
In base 9, what is -5 + 20170?
20164
In base 15, what is -11074 - 3?
-11077
In base 15, what is -1 - -66671?
66670
In base 4, what is 203 + 320103?
320312
In base 14, what is 4 + 25d12?
25d16
In base 4, what is 321 + 11120?
12101
In base 11, what is -33 + -658a?
-6612
In base 14, what is 5d + -280?
-221
In base 14, what is -29 - a7d8?
-a823
In base 4, what is -1111 - -1231?
120
In base 11, what is 30 - 99a4?
-9974
In base 8, what is 6034 + -72?
5742
In base 5, what is 1033 - 1303344?
-1302311
In base 14, what is -28143 + 1?
-28142
In base 16, what is ef60 - -2?
ef62
In base 15, what is 5572a + 0?
5572a
In base 12, what is b831 - -11?
b842
In base 9, what is -3 + -2168155?
-2168158
In base 4, what is -2231103 + -22?
-2231131
In base 16, what is -10 + 186?
176
In base 16, what is d4cb + -5?
d4c6
In base 4, what is -121003 + 23101?
-31302
In base 5, what is -1 + 324120011?
324120010
In base 9, what is 1061 - -440?
1511
In base 6, what is 23 - -21103?
21130
In base 8, what is 457451 + -4?
457445
In base 5, what is -2140001114 + 0?
-2140001114
In base 9, what is 145847 - 3?
145844
In base 9, what is -7 + 181?
173
In base 9, what is -16 - 71564?
-71581
In base 3, what is -2101001 - 1110?
-2102111
In base 7, what is -4 + 1044224?
1044220
In base 14, what is -78d38 + 0?
-78d38
In base 15, what is -3 + -bc012?
-bc015
In base 13, what is 98a1 - -4?
98a5
In base 11, what is 1309916 - 2?
1309914
In base 5, what is -2 - 44233?
-44240
In base 16, what is -a - 1693?
-169d
In base 13, what is 2911 - 108?
2806
In base 6, what is -40152 + -111?
-40303
In base 7, what is 365 + -415?
-20
In base 9, what is -5 + 270225?
270220
In base 15, what is 2c1c + -3?
2c19
In base 11, what is -3500 - 18?
-3518
In base 2, what is 110111100001001111001 + -11?
110111100001001110110
In base 10, what is 1 - 187765?
-187764
In base 13, what is -1a913 + -12?
-1a925
In base 6, what is -111002 - 142?
-111144
In base 8, what is -2 - 116624?
-116626
In base 5, what is 30442 + 320?
31312
In base 14, what is 2d + -d1b?
-ccc
In base 3, what is -20222012011101 - -1?
-20222012011100
In base 13, what is -a + c748?
c73b
In base 12, what is 267 - -59?
304
In base 14, what is 4 + 1270d0?
1270d4
In base 7, what is -155502 + -5?
-155510
In base 12, what is 1674 - -864?
2318
In base 8, what is -3 - -13253?
13250
In base 16, what is -422 - -23?
-3ff
In base 7, what is 320 - 13?
304
In base 7, what is 2 - -202454?
202456
In base 3, what is -1000 - -202222122?
202221122
In base 11, what is -1 + -5353?
-5354
In base 12, what is 43 + -189?
-146
In base 10, what is -695 + -1?
-696
In base 8, what is 1 + -153451?
-153450
In base 11, what is 0 + -18535?
-18535
In base 11, what is 64 - 467?
-403
In base 9, what is 14 + -115023?
-115008
In base 16, what is -251c - 4?
-2520
In base 12, what is 54445 + -4?
54441
In base 14, what is a4411 + -4?
a440b
In base 3, what is -1020221211 + 10?
-1020221201
In base 12, what is 2 + 1b257?
1b259
In base 6, what is -4 + 43135?
43131
In base 4, what is -23 - -121233202?
121233113
In base 15, what is 7 - -5aebd?
5aec5
In base 2, what is -10011100000000001111 - -100?
-10011100000000001011
In base 5, what is -10000212 - 3?
-10000220
In base 9, what is 102 - 23747?
-23645
In base 16, what is -17afab + -5?
-17afb0
In base 13, what is 2a4 + -344?
-70
In base 7, what is 2064043 + 5?
2064051
In base 2, what is -100001 - -111111?
11110
In base 16, what is 6fe2 + -2?
6fe0
In base 10, what is -3533 + 44?
-3489
In base 14, what is -2b8 - -4c9b?
49c3
In base 6, what is -32 - 2531?
-3003
In base 3, what is -2201102 + 12020?
-2112012
In base 15, what is -54cb1 + 0?
-54cb1
In base 8, what is 2303 - 1276?
1005
In base 12, what is -287a - 1a?
-2898
In base 5, what is 342 - -210211?
211103
In base 12, what is b + b85?
b94
In base 15, what is -3 + 39370?
3936c
In base 13, what is 22c + -410?
-1b1
In base 4, what is 2 + -30301220?
-30301212
In base 4, what is 32013310 - 1?
32013303
In base 7, what is 356514 - -5?
356522
In base 7, 